12 - 4. List the prime factors of (p + -3)*(-13)/n.
13
Let k = 34 - 8. Let x be 8*1/8*k. Let f = x - 15. List the prime factors of f.
11
Let l = 42 + 106. Suppose -3*g + l = g. List the prime factors of g.
37
Suppose -2*g + w = -267, -g - 5*w = 4*g - 630. List the prime factors of g.
131
Let t = -4 - -7. Suppose t*u = 0, w + 2*w + 2*u + 27 = 0. What are the prime factors of 0/1 - (w + -5)?
2, 7
Let b(d) = 3*d - 2. Let u = -17 - -23. List the prime factors of b(u).
2
Let p = 6 - 3. Let v(i) = i**3 - 3*i**2 + 3. Let a be v(p). Suppose -3*b + 27 = a*x, -2*x + 1 = -4*b - 5. What are the prime factors of x?
7
Suppose 505 = -5*u + 1510. List the prime factors of u.
3, 67
Let r be (-32)/(-5) - (-6)/10. Suppose 3*z = r*z - 156. List the prime factors of z/4 - (-2)/8.
2, 5
Let u(h) = 23*h**2 + 3. List the prime factors of u(-3).
2, 3, 5, 7
Let c(s) = 1 + 3*s + 3 + 2. Let l be c(8). Suppose -3*z = -3*y - l, 2 = 4*z + y - 48. List the prime factors of z.
2, 3
Let q be (-110)/(-9) + 6/(-27). Suppose 4*x - 80 = -q. What are the prime factors of x?
17
Suppose -2 = 2*a - 2*u, -2*u + 10 = 2*a - 0*a. Suppose -n - 7 = -0*s - s, a*s + n - 5 = 0. List the prime factors of s.
2
Let n = 0 + -2. Let k = 1 - n. Suppose 2*t + 6 = k*t. List the prime factors of t.
2, 3
Let d(f) = 2*f + 14. What are the prime factors of d(10)?
2, 17
Suppose -19 = -3*k + 74. List the prime factors of k.
31
Let w = 10 - 5. List the prime factors of w*2 + (-1 - 0).
3
Suppose 0 = -2*k + a + 53, -138 = -5*k + 3*a - 6*a. List the prime factors of k.
3
Let s(c) be the second derivative of c**3/6 - 2*c. Let o be s(0). Suppose o = -i + 13 - 5. List the prime factors of i.
2
Let h(j) = -j**2 - 3*j + 1. Let r be h(-3). List the prime factors of 7/r + 7 + -10.
2
Let l(n) = n**2 + 2*n - 4. Let p be 1/2 + (-44)/8. List the prime factors of l(p).
11
Let m(i) = 5*i - 27. What are the prime factors of m(7)?
2
Suppose -3*b = -2*b. Let o = 6 + 0. Let x = o + b. What are the prime factors of x?
2, 3
Suppose 3*g - 3*z = g + 22, -2*g = 5*z + 10. Suppose g*d - 267 = 108. Suppose 0*w - 5*w + d = 0. What are the prime factors of w?
3, 5
Let k(r) = r**3 - 5*r**2 - 6*r + 2. Let u = 18 + -12. Let m be k(u). Suppose m*q + 0 = 4. What are the prime factors of q?
2
Let z = 2 - -2. Suppose -6*d + 4*d - 3*d = 0. Suppose -72 = -d*j - z*j. What are the prime factors of j?
2, 3
Suppose -c = 5*s - 65, 5*s - 5*c = 18 + 77. Suppose 3*b = -s + 71. List the prime factors of b.
19
Let s be 2 - 0 - -2 - 2. Suppose -5*u - 5*m = -25, -2*m + 5 = s*u - m. What are the prime factors of u + -6*(-2)/4?
3
Let l be 16*(33/12 - 2). List the prime factors of 18/l*16/6.
2
Let w = 93 - 23. What are the prime factors of w?
2, 5, 7
Suppose -2*x - 6 = -5*x. Suppose 3*s - 228 = -x*p - 85, 5*s - 217 = 2*p. Suppose -l = -4*l + s. What are the prime factors of l?
3, 5
Let j(r) = -r**3 - 23*r**2 - 25*r - 49. List the prime factors of j(-22).
17
Let v(m) = 2*m + 1 - 4 - 1 + 1 + m**2. List the prime factors of v(2).
5
Let v(g) = -g**3 + 8*g**2 - 3*g + 8. Let r be v(7). Suppose 2*c = -4*c + r. What are the prime factors of c?
2, 3
Suppose -9*y + 10*y = 1. Suppose -88 = -3*s - y. What are the prime factors of s?
29
Let s = 2 - 2. Suppose s - 2 = -m. Suppose 5*r + 3*b = m*r + 27, -4*b = -16. What are the prime factors of r?
5
Let b be (-2)/5 - 7/(-5). Let x be (2 - b)*(1 + -1). Let f = 9 - x. List the prime factors of f.
3
Let g(i) = -i**2 + 4*i. Let p be g(4). Let u = 22 + p. Suppose u = z + z. What are the prime factors of z?
11
Suppose -3*g + 6 = -3*a - 0, 4*g + 2*a = 2. Suppose -5*t + 2*t = -54. What are the prime factors of (g - 3)*1 + t?
2
Let r(n) = n**3 - 3*n**2 + 1. Let t be r(3). Suppose t = 2*b - 19. Let c(p) = -p**2 + 9*p + 14. What are the prime factors of c(b)?
2
Let k(j) = j**3 + j**2 - j - 23. Let w be k(0). Let y = w + 60. What are the prime factors of y?
37
Let n be (-4 + 4)/(1 + 1). Suppose n = -0*w - 4*w + 28. What are the prime factors of w?
7
Let z(r) = -2*r**2 - 11*r - 6. Let f(b) = -3*b**2 - 22*b - 11. Let w(q) = -3*f(q) + 5*z(q). List the prime factors of w(8).
3
Let c(o) = -22*o + 66. What are the prime factors of c(-7)?
2, 5, 11
What are the prime factors of ((-3)/((135/550)/9))/(-1)?
2, 5, 11
Let z(v) = v**2 - 12. Let c be z(0). Let y = c + 34. List the prime factors of y.
2, 11
Let b = 39 - -40. List the prime factors of b.
79
Let f(u) = u**2 + 10*u. Let c be f(-10). Suppose m - 5*i - 19 = 0, c*m + 4*m + 5*i - 101 = 0. What are the prime factors of m?
2, 3
Suppose 0 = 2*j - 2*l - 3*l - 1, 0 = 3*j + 5*l - 14. Suppose 0 = u + 1 - j. Suppose 11 = u*w - 9. List the prime factors of w.
2, 5
Let z = -7 - -9. Suppose -5*k + 62 = 4*f + 5, -4*f - z*k = -42. What are the prime factors of f?
2
Suppose 2*t + 4 = 2*q, t - 2*q + 2 + 3 = 0. Suppose t - 9 = -4*f. What are the prime factors of f?
2
Suppose 4*j - 80 = 304. Let q = -68 + j. Suppose -8 = 5*b - q. List the prime factors of b.
2
Let f(t) = t**2 - 6*t - 8. Let u be f(7). Let l(r) = 30*r**2 - r - 1. What are the prime factors of l(u)?
2, 3, 5
Let v(d) = d**3 - 5*d**2 - 8*d + 5. Let o be v(6). Let m = o - -30. Suppose 5*s = 17 + m. List the prime factors of s.
2
Suppose 32 = 2*q - 0. Suppose -56 = -3*l + q. List the prime factors of l.
2, 3
Suppose s - 2*j = 119, -3*s + 5*j = -8*s + 670. List the prime factors of s.
3, 43
Let t(d) = 5*d**2 + 18*d - 3. What are the prime factors of t(-9)?
2, 3, 5
Let w = -2 + 5. Suppose 7*b = w*b. Suppose -2*i + 16 = 5*m, 0 = -2*m + 2*i - 2 - b. What are the prime factors of m?
2
Suppose 0 = -3*p + 43 + 11. What are the prime factors of p + -3 + (-1)/(-1)?
2
Suppose 0 = 5*q + 30 + 40. Let w be 2/(-6) + (-40)/6. Let r = w - q. List the prime factors of r.
7
Let k be (1 - 8) + 3/1. List the prime factors of (13/(-4) + -1)*k.
17
Let r(b) be the first derivative of 3*b**2/2 - 4*b - 6. List the prime factors of r(4).
2
Let s(n) = -n**3 - 2*n**2 + n + 7. Suppose -2*b = -6*b - 12. What are the prime factors of s(b)?
13
Let g = -130 + 209. What are the prime factors of g?
79
Suppose -21 = 3*o - 81. Let u = -3 - -5. Suppose 0*f + o = u*f. What are the prime factors of f?
2, 5
Suppose -4*l = g - 12, g + 2 = -2. Suppose -2*i = -l*a + 25 + 5, -3*a + i + 20 = 0. What are the prime factors of a?
5
Let c(l) = -l**2 - 5*l + 2. Let o be c(-5). Let k be (o + -4)/(-1) - 54. What are the prime factors of 0 + -2 - k/4?
11
Let x be -4 - -11 - (0 - -1). Let v be (-6)/(-4) - 1/(-2). Let l = x - v. List the prime factors of l.
2
Suppose 0 = -4*w + o + 102, 0 = 5*w - 4*o - o - 120. What are the prime factors of w?
2, 13
Let v be (28/6)/(1/(-54)). What are the prime factors of (2 - -3)*v/(-30)?
2, 3, 7
Let v be (4/(-1))/(-2) - 23. Let s(b) = b - 16. Let i be s(7). Let o = i - v. List the prime factors of o.
2, 3
Let y(p) = p**3 - 6*p**2 + 3*p + 2. List the prime factors of y(7).
2, 3
Suppose y = 22 + 63. List the prime factors of y.
5, 17
Let x(a) = a. Let c(n) = -n**3 + 6*n**2 - 6*n - 2. Let o = 0 - 5. Let h(b) = o*x(b) - c(b). List the prime factors of h(6).
2
Suppose 7*h - 849 = 250. What are the prime factors of h?
157
Let r(g) = 3*g + 4. What are the prime factors of r(2)?
2, 5
Let w be 4/((-5)/(5/(-2))). Let x be -1 + -1 + 4*4. List the prime factors of w/(-7) - (-144)/x.
2, 5
Let i(g) = -g**3 + 6*g**2 + 9*g - 6. Let y be (-14)/4*(-4 - -2). What are the prime factors of i(y)?
2
Let m be 2/9 + 87/(-27). Let x = m + 15. List the prime factors of x.
2, 3
Let w be 1/2 - 9/6. Let y be 0/w - 6/(-3). Suppose 5*b + y*n - 36 = 0, -n - 4 = -b - 1. What are the prime factors of b?
2, 3
Suppose k + 3*k = -4*l + 88, -3*k + 18 = l. Suppose -l = 3*a - 7*a. What are the prime factors of a?
2, 3
Suppose r - 15 + 2 = -2*b, -3*b - 2*r = -22. Suppose -2*u + 125 = 3*v + 34, b*v = 4*u + 108. What are the prime factors of v?
29
Suppose -5*f - 16 = -5*y + 29, -25 = 5*f. Suppose 7*n = y*n + 42. List the prime factors of n.
2, 7
Let q be -1*1*(3 + -56). Suppose 5*h - 27 = q. List the prime factors of h.
2
Suppose 5*v = -5*h + 4 + 6, -h + 1 = 0. What are the prime factors of v/(2/(2 - -12))?
7
Let c be 6 - (-1 - -1*2). Suppose -10 = -5*s + c. Suppose -w + 4*r + 16 = s*w, 5*r - 52 = -3*w. What are the prime factors of w?
3
Suppose 3*z + 3*j - 1 = 8, -5*z + 18 = 2*j. Suppose -x - 56 = -3*b, 0*b 